hest common divisor of 24 and x?
24
Let i(m) = m**3 + m**2 - 1. Let u(g) = -4*g**3 - 12*g**2 - 5. Let p(n) = -3*i(n) - u(n). Let j be p(-9). Calculate the greatest common factor of j and 32.
8
Let k = -214 - -474. Suppose 5*g = -x + k, 3*x - 3*g + g = 814. Let v be x/25*(-1 - -6). Calculate the highest common divisor of v and 6.
6
Let u be 4/12 + (-98)/6. Let y = u - -226. What is the highest common factor of 30 and y?
30
Let g be 1/(1/(-707)) - -3. Let h be 2/1 + g/(-8). What is the greatest common divisor of 15 and h?
15
Suppose f = -f, 18 = 3*a + 3*f. What is the highest common factor of 18 and a?
6
Let g(j) = -2*j**2 - 15*j - 6. Let i be g(-7). Calculate the highest common divisor of i and 17.
1
Let f be -1 + 2 + 1*5. What is the highest common divisor of 30 and f?
6
Suppose -3*w = 3*k - 4*k + 38, 3*k - 3*w = 126. Calculate the highest common factor of k and 110.
22
Suppose 2*q - 5*i - 22 = 0, -q + 4*i + 2 = -3. Calculate the greatest common divisor of q and 7.
7
Let t = 50 - 30. Calculate the highest common factor of 140 and t.
20
Let p(c) = -2*c**2 + 18*c + 3. Let a be p(9). What is the highest common divisor of a and 21?
3
Let f = -55 - -70. Calculate the greatest common factor of f and 15.
15
Let y = 10 - -20. Suppose 4*w - 73 = 5*p, 12 = 2*w - 4*p - 32. Calculate the highest common factor of y and w.
6
Suppose 3*j - 276 = 48. Calculate the highest common factor of j and 36.
36
Suppose -5*z + 3*v = -7, z = 2*z - 3*v - 11. Let j(w) = 29*w - 1. Let h be j(z). Let x be (4/(-6))/(4/h). What is the greatest common divisor of 10 and x?
5
Suppose 4*i + 0*i - 8 = 0. Suppose -i*b = b - 3. Let n = 5 + 6. What is the highest common factor of n and b?
1
Let j = -14 + 43. Let c = j + 97. What is the greatest common factor of 18 and c?
18
Suppose 0 = 5*v + 42 - 117. Let g = -7 + v. Let m be (-153)/(-12) + (-6)/g. What is the highest common divisor of 18 and m?
6
Let v be -9*(-2 - (2 + -1)). Let n be (-9)/1*(1 + -2). What is the highest common factor of v and n?
9
Let d be (1 - (0 - -157))*(-22)/66. Calculate the greatest common divisor of 182 and d.
26
Let j(c) = 32*c**3 + 1. Let u be j(-1). Suppose 10*a - 217 = 423. Let k = a + u. What is the greatest common divisor of 3 and k?
3
Let b = 79 + -72. What is the greatest common divisor of b and 56?
7
Let r = 29 + -22. Let p(w) = w + 8. Let o be p(-6). Let d = r - o. Calculate the highest common divisor of d and 5.
5
Let f = -35 + 80. Calculate the greatest common divisor of 15 and f.
15
Let w = -125 - -181. Let j(i) = i**3 - 6*i**2 - 4*i - 5. Let v be j(7). Suppose 3*o = 5*o - v. Calculate the highest common factor of o and w.
8
Suppose 14*u - 12 = 11*u. Calculate the highest common divisor of u and 10.
2
Suppose -3*j + 2*a = -8, 4*j + 3*a - 1 = 4. Let r be (-4 + j)/(-2)*90. Calculate the greatest common divisor of r and 10.
10
Let q(h) = h**3 - 2*h**2 - 10*h + 2. Let z be q(5). What is the greatest common factor of z and 243?
27
Let z = -50 + 98. What is the highest common divisor of 32 and z?
16
Let k be 22/(8/4) - 4. What is the greatest common divisor of k and 49?
7
Let b(q) = 129*q**2 + 2*q + 1. Let a be b(-1). Let y = 35 + -19. Calculate the greatest common divisor of a and y.
16
Let a = -27 + 18. Let n be (-1344)/(-27) + (-2)/a. What is the highest common divisor of n and 20?
10
Suppose -4*u = -4*m + 26 + 10, -39 = -5*m + 3*u. Let j be 156 - 7/(21/m). What is the highest common factor of 14 and j?
14
Suppose -2*c - 6 = -2. Let y = c - -10. Calculate the greatest common factor of y and 40.
8
Suppose -7*k + 105 = -119. Suppose z + 15 = 47. Suppose -4*l + 40 = 5*c, 4*c - 4*l - z = -0. Calculate the greatest common divisor of k and c.
8
Let p be (32/(-5))/((-26)/65). What is the highest common divisor of 4 and p?
4
Let f be 0/((-2 + 1)*2). Let b be 4*((0 - f) + 2). What is the greatest common factor of b and 32?
8
Suppose 5*j + 2*u - 214 = -16, -j - 4*u = -54. Suppose 2*a - 5*y = j, 2*y = -5*a + 5*y + 57. Calculate the highest common divisor of 36 and a.
9
Suppose 0 = -11*j - 106 + 1129. Calculate the highest common divisor of j and 62.
31
Suppose -3*h + h + 4 = 0. Suppose l + h*l = 39. What is the greatest common divisor of 117 and l?
13
Let j = 0 - -1. Let q be j - 2/(-4)*2. Suppose 0*b - q*b - r + 9 = 0, r = 2*b + 1. Calculate the greatest common divisor of 18 and b.
2
Let c(z) = -z**2 - 9*z + 24. Let k be c(-11). Calculate the highest common divisor of 1 and k.
1
Suppose -16*x + 36 = -15*x. Calculate the highest common divisor of x and 90.
18
Let a = 163 - 235. Let w = a - -25. Let g = -28 - w. Calculate the highest common divisor of 38 and g.
19
Let t(j) = j**2 - 7*j - 3. Let m be t(7). Let a be m + 4 + 21/3. Let x(h) = 5*h - 5. Let u be x(5). Calculate the highest common divisor of a and u.
4
Suppose 3*p - 2*a - 662 = 0, -4*p + 7*a + 884 = 3*a. What is the greatest common factor of 20 and p?
20
Let d be (-72)/8*(0 + -7). What is the highest common divisor of d and 42?
21
Suppose -4*r - r - 720 = 0. Let x = 216 + r. Let l be 6 + 1 + (-1 - -3). What is the greatest common factor of x and l?
9
Let l be (-7)/(-21)*(1 + 8). What is the greatest common divisor of l and 12?
3
Let o be 6/27 + 16/9. What is the highest common factor of 16 and o?
2
Let m(i) = 95*i**3 + 2*i**2 - 3*i + 1. Let j be m(1). Calculate the greatest common factor of 19 and j.
19
Let u be 0*(0 + -2 + 3). Suppose 4*w + u = -32. Let y be 24*((-14)/w + -1). Calculate the highest common divisor of 144 and y.
18
Let m(u) = u + 2. Let w be m(3). What is the highest common factor of 10 and w?
5
Let l(h) = -h**3 - 7*h**2 + 7*h - 4. Let z be l(-8). Suppose 49 = z*g - 39. Suppose -g + 4 = -3*c. Calculate the highest common factor of c and 15.
3
Suppose 83 + 29 = -t. Let k be (54/8)/((-4)/t). Calculate the highest common divisor of k and 27.
27
Suppose 140 = 5*a + 5*b, b + 10 + 18 = a. What is the highest common divisor of 280 and a?
28
Suppose -w + 5 = -14. What is the highest common factor of 76 and w?
19
Suppose -72 = 4*c - 20. Let y(d) = -d**2 - 14*d - 1. Let a be y(c). What is the highest common divisor of a and 12?
12
Let y(a) = 3*a**2 + a - 1. Let i be y(-2). Suppose 6*n - i*n = -9. Calculate the greatest common divisor of n and 21.
3
Let g be 1/((-10)/(-11) + -1). Let m = 108 - g. Suppose -2*j + 19 = -m. Calculate the highest common divisor of j and 46.
23
Let h be 3/3 - (-5 - -2). Suppose 2*g + 424 = 7*g + p, -4*g - h*p + 336 = 0. Calculate the greatest common factor of 17 and g.
17
Let k = -2 + 21. Suppose k = -4*n - 29. Let p be ((-81)/n)/((-6)/(-16)). Calculate the highest common divisor of p and 162.
18
Suppose 3*w + 102 = 6*w. Calculate the greatest common divisor of w and 2.
2
Suppose -3*n + 41 = -4*p - 42, p = 5*n - 127. Calculate the highest common factor of n and 275.
25
Let p be (168/2)/((-6)/(-4)). Let v be -1*(-3 - -2) - -2. Suppose -2*z + 19 = -3*m, -v*z = z - 4*m - 36. What is the highest common divisor of z and p?
8
Let g(z) = z**2 + 5*z + 2. Let x be g(-8). Calculate the greatest common factor of 26 and x.
26
Suppose 5*y + 2*m - 19 = 0, 2*m + 2 = -0*y + 2*y. Suppose 108 = 4*h - 4*p, y*h + 3*p = 8*p + 91. What is the highest common factor of 44 and h?
22
Let f be -4*(-3)/12 + (-1 - -72). What is the highest common divisor of 18 and f?
18
Let n be (-2)/(-6) - 709*12/(-18). Calculate the highest common factor of n and 43.
43
Let n be 5/2*(-4)/(-5). Let u be 2 + (n - 2 - -110). What is the highest common divisor of 14 and u?
14
Let u(b) = -9*b + 1. Let g be u(2). Suppose -3*k = 7*x - 3*x - 106, -5*k - 122 = -4*x. Let z = x + g. Calculate the greatest common divisor of 121 and z.
11
Let c(h) = 3*h - 9. Let g(a) = 13*a - 36. Let n(r) = 9*c(r) - 2*g(r). Let v be n(13). Calculate the highest common divisor of 16 and v.
4
Suppose 4*y - 316 = -5*q + 3*y, 0 = -5*q + 3*y + 312. What is the greatest common divisor of q and 9?
9
Suppose m + 37 = 3*m - 5*z, 21 = 3*m + 4*z. What is the greatest common divisor of 121 and m?
11
Let s(y) = -y + 99. Let l = -14 - -14. Let w be s(l). Calculate the greatest common divisor of w and 9.
9
Let t(x) = -2*x**3 + x**2 - 5. Let g be t(-2). Let n be -72*2/(-8)*5. What is the highest common factor of n and g?
15
Let r(k) = -k**2 + 24*k - 35. Let n be r(21). Calculate the highest common facto